{"id":9,"date":"2024-05-09T21:16:48","date_gmt":"2024-05-09T21:16:48","guid":{"rendered":"https:\/\/www.el-mont.info\/?page_id=9"},"modified":"2024-05-10T16:37:32","modified_gmt":"2024-05-10T16:37:32","slug":"o-firmie","status":"publish","type":"page","link":"https:\/\/www.el-mont.info\/index.php\/o-firmie\/","title":{"rendered":"O FIRMIE"},"content":{"rendered":"<h3 style=\"text-align: justify;\"><b>Oferta naszej firmy skierowana jest zar\u00f3wno do os\u00f3b fizycznych, jak i do firm i instytucji, kt\u00f3re s\u0105 w\u0142a\u015bcicielami, zarz\u0105dcami nieruchomo\u015bci, do sp\u00f3\u0142dzielni i wsp\u00f3lnot mieszkaniowych.<\/b><\/h3>\n<p style=\"text-align: justify;\">Zak\u0142adamy instalacje elektryczne w nowych budynkach, konserwujemy lub wymieniamy instalacje lub jej elementy w starszych budynkach. Przyje\u017cd\u017camy do awarii, remontu i na budow\u0119. Dla nas bezpiecze\u0144stwo naszych klient\u00f3w jest najwa\u017cniejsze.<\/p>\n<p style=\"text-align: justify;\">Nasza firma elektryczna zajmuje si\u0119 wszelkimi zleceniami, zwi\u0105zanymi z instalacjami elektrycznymi, odgromowymi, przepi\u0119ciowymi, domofonowymi, wideodomofonowymi, alarmowymi, komputerowymi i innymi. Montujemy instalacje elektryczne uznanych firm, systemy monitorowania \u2013 telewizj\u0119 dozorow\u0105 (CCTV, HD, IP).<\/p>\n<p style=\"text-align: justify;\">Nasze do\u015bwiadczenie uczyni\u0142o z nas specjalist\u00f3w, kt\u00f3rzy swoje umiej\u0119tno\u015bci i fachow\u0105 wiedz\u0119 potrafi\u0105 wykorzysta\u0107 wsz\u0119dzie tam, gdzie mamy do czynienia z pr\u0105dem elektrycznym. Jeste\u015bmy nie tylko wykszta\u0142conymi do\u015bwiadczonymi elektrykmi, posiadamy r\u00f3wnie\u017c wszelkie uprawnienia, pozwalaj\u0105ce nam na prac\u0119 przy instalacjach elektrycznych. Posiadamy nowoczesne narz\u0119dzia, wsp\u00f3\u0142pracujemy z najlepszymi dostawcami osprz\u0119tu elektrycznego w Polsce, gdzie mamy na tyle atrakcyjne rabaty i upusty, by klient by\u0142 zadowolony tak z ceny, jak i z jako\u015bci.<\/p>\n<p style=\"text-align: justify;\">Wsp\u00f3\u0142pracujemy z zak\u0142adem energetycznym, z operatorami telewizji kablowej i telefonii stacjonarnej. Cieszymy si\u0119 zaufaniem tych firm, wi\u0119c mo\u017cemy naszym klientom pomaga\u0107 przy za\u0142atwianiu formalno\u015bci zwi\u0105zanych z odplombowaniem licznika czy zwi\u0119kszeniem lub zmniejszeniem poboru mocy. Gwarantujemy, \u017ce nasza praca b\u0119dzie dobrze wykonana. Zawsze bierzemy udzia\u0142 w odbiorach technicznych instalacji przez nas wykonanych, bior\u0105c pe\u0142n\u0105 odpowiedzialno\u015b\u0107 za fachowo\u015b\u0107 wykonanej pracy. Doradzamy naszym klientom wyb\u00f3r osprz\u0119tu czy rozmieszczenie instalacji.<\/p>\n<p style=\"text-align: justify;\"><b>Pracujemy tak, by klient mia\u0142 jak najlepsz\u0105 us\u0142ug\u0119 w jak najlepszej cenie.<\/b><\/p>\n<div class=\"su-youtube su-u-responsive-media-yes\"><iframe width=\"400\" height=\"280\" src=\"https:\/\/www.youtube.com\/embed\/ssgfJz4pMWI?\" frameborder=\"0\" allowfullscreen allow=\"autoplay; encrypted-media; picture-in-picture\" title=\"\"><\/iframe><\/div>\n<div class=\"su-youtube su-u-responsive-media-yes\"><iframe width=\"400\" height=\"280\" src=\"https:\/\/www.youtube.com\/embed\/8uETGJrCtvE?\" frameborder=\"0\" allowfullscreen allow=\"autoplay; encrypted-media; picture-in-picture\" title=\"\"><\/iframe><\/div>\n","protected":false},"excerpt":{"rendered":"<p>Oferta naszej firmy skierowana jest zar\u00f3wno do os\u00f3b fizycznych, jak i do firm i instytucji, kt\u00f3re s\u0105 w\u0142a\u015bcicielami, zarz\u0105dcami nieruchomo\u015bci, do sp\u00f3\u0142dzielni i wsp\u00f3lnot mieszkaniowych.&hellip;<\/p>\n","protected":false},"author":1,"featured_media":0,"parent":0,"menu_order":0,"comment_status":"closed","ping_status":"closed","template":"","meta":{"footnotes":""},"_links":{"self":[{"href":"https:\/\/www.el-mont.info\/index.php\/wp-json\/wp\/v2\/pages\/9"}],"collection":[{"href":"https:\/\/www.el-mont.info\/index.php\/wp-json\/wp\/v2\/pages"}],"about":[{"href":"https:\/\/www.el-mont.info\/index.php\/wp-json\/wp\/v2\/types\/page"}],"author":[{"embeddable":true,"href":"https:\/\/www.el-mont.info\/index.php\/wp-json\/wp\/v2\/users\/1"}],"replies":[{"embeddable":true,"href":"https:\/\/www.el-mont.info\/index.php\/wp-json\/wp\/v2\/comments?post=9"}],"version-history":[{"count":8,"href":"https:\/\/www.el-mont.info\/index.php\/wp-json\/wp\/v2\/pages\/9\/revisions"}],"predecessor-version":[{"id":95,"href":"https:\/\/www.el-mont.info\/index.php\/wp-json\/wp\/v2\/pages\/9\/revisions\/95"}],"wp:attachment":[{"href":"https:\/\/www.el-mont.info\/index.php\/wp-json\/wp\/v2\/media?parent=9"}],"curies":[{"name":"wp","href":"https:\/\/api.w.org\/{rel}","templated":true}]}}