{"id":15,"date":"2024-05-09T21:17:27","date_gmt":"2024-05-09T21:17:27","guid":{"rendered":"https:\/\/www.el-mont.info\/?page_id=15"},"modified":"2024-05-10T16:32:54","modified_gmt":"2024-05-10T16:32:54","slug":"oferta","status":"publish","type":"page","link":"https:\/\/www.el-mont.info\/index.php\/oferta\/","title":{"rendered":"OFERTA"},"content":{"rendered":"<div class=\"panel-body\">\n<p><strong>Oferta<\/strong><\/p>\n<ul>\n<li>Instalacje elektryczne<\/li>\n<li>Instalacje \u015bwiat\u0142owodowe<\/li>\n<li>Instalacje odgromowe<\/li>\n<li>Instalacje TV<\/li>\n<li>Instalacje PPO\u017b.<\/li>\n<li>Kontrola dost\u0119pu<\/li>\n<li>Monitoring CCTV \/ IP<\/li>\n<li>Alarmy przewodowe i bezprzewodowe<\/li>\n<li>Automatyka bram<\/li>\n<li>Domofony \/ Wideofony<\/li>\n<li>Sterowanie proces\u00f3w technologicznych<\/li>\n<li>O\u015bwietlenie uliczne<\/li>\n<li>Pomiary elektryczne i teletechniczne<\/li>\n<li>Lokalizacja instalacji podziemnych<\/li>\n<\/ul>\n<div class=\"panel-heading\"><b>Prace ziemne minikopark\u0105<\/b><\/div>\n<div class=\"panel-body\">\n<ul>\n<li>Przy\u0142\u0105cza pr\u0105d, woda, kanalizacja sanitarna, gaz, teletechnika<\/li>\n<li>Fundamenty<\/li>\n<li>Kanalizacja kablowa<\/li>\n<\/ul>\n<div class=\"col-md-12\">\n<div class=\"panel panel-default\">\n<div class=\"panel-heading\"><b>Us\u0142ugi podno\u015bnikiem koszowy do 17m z obs\u0142ug\u0105 operatora.<\/b><\/div>\n<div class=\"panel-body\">\n<ul>\n<li>Czyszczenie rynien<\/li>\n<li>Wycinki i piel\u0119gnacja drzew<\/li>\n<li>Monta\u017c, demonta\u017c konstrukcji stalowych na wysoko\u015bci<\/li>\n<li>Mycie okien i elewacji<\/li>\n<li>Naprawa i konserwacja o\u015bwietlenia<\/li>\n<li>Monta\u017c reklam, baner\u00f3w i billboard\u00f3w<\/li>\n<\/ul>\n<p style=\"text-align: justify;\">Dzia\u0142alno\u015b\u0107 prowadzimy na terenie ca\u0142ej Wielkopolski i okolic. Ofert\u0119 kierujemy do klient\u00f3w indywidualnych, a tak\u017ce firm i instytucji, w tym sp\u00f3\u0142dzielni i wsp\u00f3lnot mieszkaniowych. Zapewniamy rzeteln\u0105 i terminow\u0105 realizacj\u0119 us\u0142ug oraz konkurencyjne ceny.<\/p>\n<p style=\"text-align: justify;\">Serdecznie zapraszamy.<\/p>\n<\/div>\n<\/div>\n<\/div>\n<\/div>\n<\/div>\n","protected":false},"excerpt":{"rendered":"<p>Oferta Instalacje elektryczne Instalacje \u015bwiat\u0142owodowe Instalacje odgromowe Instalacje TV Instalacje PPO\u017b. Kontrola dost\u0119pu Monitoring CCTV \/ IP Alarmy przewodowe i bezprzewodowe Automatyka bram Domofony \/&hellip;<\/p>\n","protected":false},"author":1,"featured_media":0,"parent":0,"menu_order":0,"comment_status":"closed","ping_status":"closed","template":"","meta":{"footnotes":""},"_links":{"self":[{"href":"https:\/\/www.el-mont.info\/index.php\/wp-json\/wp\/v2\/pages\/15"}],"collection":[{"href":"https:\/\/www.el-mont.info\/index.php\/wp-json\/wp\/v2\/pages"}],"about":[{"href":"https:\/\/www.el-mont.info\/index.php\/wp-json\/wp\/v2\/types\/page"}],"author":[{"embeddable":true,"href":"https:\/\/www.el-mont.info\/index.php\/wp-json\/wp\/v2\/users\/1"}],"replies":[{"embeddable":true,"href":"https:\/\/www.el-mont.info\/index.php\/wp-json\/wp\/v2\/comments?post=15"}],"version-history":[{"count":4,"href":"https:\/\/www.el-mont.info\/index.php\/wp-json\/wp\/v2\/pages\/15\/revisions"}],"predecessor-version":[{"id":92,"href":"https:\/\/www.el-mont.info\/index.php\/wp-json\/wp\/v2\/pages\/15\/revisions\/92"}],"wp:attachment":[{"href":"https:\/\/www.el-mont.info\/index.php\/wp-json\/wp\/v2\/media?parent=15"}],"curies":[{"name":"wp","href":"https:\/\/api.w.org\/{rel}","templated":true}]}}