{"id":13,"date":"2024-05-09T21:17:05","date_gmt":"2024-05-09T21:17:05","guid":{"rendered":"https:\/\/www.el-mont.info\/?page_id=13"},"modified":"2024-05-09T22:12:09","modified_gmt":"2024-05-09T22:12:09","slug":"nauka-zawodu","status":"publish","type":"page","link":"https:\/\/www.el-mont.info\/index.php\/nauka-zawodu\/","title":{"rendered":"NAUKA ZAWODU"},"content":{"rendered":"<h2 class=\"panel-heading\" style=\"text-align: center;\"><b>Prowadzimy nab\u00f3r uczni\u00f3w na praktyczn\u0105 nauk\u0119 zawodu w roku szkolnym 2024\/2025 <\/b><\/h2>\n<p style=\"text-align: center;\"><strong>STRONA W PRZYGOTOWANIU<\/strong><\/p>\n","protected":false},"excerpt":{"rendered":"<p>Prowadzimy nab\u00f3r uczni\u00f3w na praktyczn\u0105 nauk\u0119 zawodu w roku szkolnym 2024\/2025 STRONA W PRZYGOTOWANIU<\/p>\n","protected":false},"author":1,"featured_media":0,"parent":0,"menu_order":0,"comment_status":"closed","ping_status":"closed","template":"","meta":{"footnotes":""},"_links":{"self":[{"href":"https:\/\/www.el-mont.info\/index.php\/wp-json\/wp\/v2\/pages\/13"}],"collection":[{"href":"https:\/\/www.el-mont.info\/index.php\/wp-json\/wp\/v2\/pages"}],"about":[{"href":"https:\/\/www.el-mont.info\/index.php\/wp-json\/wp\/v2\/types\/page"}],"author":[{"embeddable":true,"href":"https:\/\/www.el-mont.info\/index.php\/wp-json\/wp\/v2\/users\/1"}],"replies":[{"embeddable":true,"href":"https:\/\/www.el-mont.info\/index.php\/wp-json\/wp\/v2\/comments?post=13"}],"version-history":[{"count":4,"href":"https:\/\/www.el-mont.info\/index.php\/wp-json\/wp\/v2\/pages\/13\/revisions"}],"predecessor-version":[{"id":79,"href":"https:\/\/www.el-mont.info\/index.php\/wp-json\/wp\/v2\/pages\/13\/revisions\/79"}],"wp:attachment":[{"href":"https:\/\/www.el-mont.info\/index.php\/wp-json\/wp\/v2\/media?parent=13"}],"curies":[{"name":"wp","href":"https:\/\/api.w.org\/{rel}","templated":true}]}}